{"id":189,"date":"2021-07-12T18:20:01","date_gmt":"2021-07-12T18:20:01","guid":{"rendered":"https:\/\/sigtus.com\/escola\/?page_id=189"},"modified":"2025-06-12T08:08:54","modified_gmt":"2025-06-12T08:08:54","slug":"aviso-legal","status":"publish","type":"page","link":"https:\/\/sigtus.com\/escola\/aviso-legal\/","title":{"rendered":"Aviso legal"},"content":{"rendered":"\n<div style=\"height:43px\" aria-hidden=\"true\" class=\"wp-block-spacer\"><\/div>\n\n\n\n<p>Al acceder a esta p\u00e1gina web aceptas los t\u00e9rminos y disposiciones del presente acuerdo. Si no aceptas estas condiciones te pedimos que no utilices nuestros servicios.<\/p>\n\n\n\n<div style=\"height:51px\" aria-hidden=\"true\" class=\"wp-block-spacer\"><\/div>\n\n\n\n<h2 class=\"wp-block-heading has-text-align-center\">Pol\u00edtica de privacidad<\/h2>\n\n\n\n<p>En Sigtus.com tratamos la informaci\u00f3n que nos proporcionan las personas interesadas para los siguientes prop\u00f3sitos: gestionar env\u00edo de informaci\u00f3n solicitada, ofrecer los productos y servicios que te resulten de inter\u00e9s, mejorar la experiencia de usuario.<\/p>\n\n\n\n<p>Se podr\u00edan enviar correos electr\u00f3nicos automatizados, programados por el titular de los datos o de sus proveedores de servicios, para enviar la informaci\u00f3n sobre novedades y productos de formaci\u00f3n que se ofrecer\u00e1n a trav\u00e9s de esta web, tanto si est\u00e1n alojados en ella como en plataformas de terceros. Tambi\u00e9n utilizaremos las cookies que consideremos adecuadas a nuestra marca personal.<\/p>\n\n\n\n<p>Los datos personales proporcionados en la web Sigtus.com se conservar\u00e1n durante un plazo de diez a\u00f1os. Tambi\u00e9n se conservar\u00e1n mientras se mantenga la relaci\u00f3n mercantil. Se har\u00e1n desaparecer cuando se solicite su supresi\u00f3n o portabilidad por el interesado.<\/p>\n\n\n\n<p>La base legal para el tratamiento de tus datos es la ejecuci\u00f3n de la suscripci\u00f3n online al blog o al formulario de contacto de la web, as\u00ed como el acceso a todos los productos o servicios adquiridos.<\/p>\n\n\n\n<p>Cualquier persona tiene derecho a obtener la confirmaci\u00f3n sobre si Sigtus.com est\u00e1 tratando datos personales que les conciernan o no. Las personas interesadas tienen derecho a acceder a sus datos personales, as\u00ed como a solicitar la rectificaci\u00f3n de los datos inexactos o, en su caso, solicitar su supresi\u00f3n cuando los datos ya no sean necesarios para los fines que fueron recogidos. En determinadas circunstancias, los interesados podr\u00e1n solicitar la limitaci\u00f3n del tratamiento de sus datos, en cuyo caso \u00fanicamente los conservaremos para el ejercicio o la defensa de reclamaciones. En determinadas circunstancias y por motivos relacionados con su situaci\u00f3n particular, los interesados podr\u00e1n oponerse al tratamiento de sus datos.<\/p>\n\n\n\n<p>Los datos personales que tratamos en Sigtus.com proceden de la propia web. Las categor\u00edas de datos que tratamos son: datos de identificaci\u00f3n, c\u00f3digos o claves de identificaci\u00f3n, direcciones postales o electr\u00f3nicas, informaci\u00f3n comercial, datos econ\u00f3micos.<\/p>\n\n\n\n<div style=\"height:49px\" aria-hidden=\"true\" class=\"wp-block-spacer\"><\/div>\n\n\n\n<h2 class=\"wp-block-heading has-text-align-center\">Condiciones de contrataci\u00f3n<\/h2>\n\n\n\n<p>A trav\u00e9s de estas condiciones de contrataci\u00f3n, ponemos a disposici\u00f3n del consumidor la informaci\u00f3n precontractual a la que refiere el art\u00edculo 6 de la Directiva 2011\/83.<\/p>\n\n\n\n<p>Primera: identificaci\u00f3n. Los bienes que se venden a trav\u00e9s de Sigtus.com son cursos online de lengua de signos en formato v\u00eddeo-clase, acceso a todas las clases en directo y soporte de dudas a trav\u00e9s de la plataforma.<\/p>\n\n\n\n<p>Segunda: precios. El modelo de precios es por suscripci\u00f3n mensual. El usuario tendr\u00e1 acceso a todos los servicios y contenidos de Sigtus.com mientras tenga su suscripci\u00f3n vigente. Los precios se indican en euros e incluyen impuestos (cuando procede).<\/p>\n\n\n\n<p>Tercera: proceso de compra. Para suscribirse en nuestra web es necesario registrarse durante el proceso de compra. Nuestro sistema crea una cuenta de cliente con la direcci\u00f3n de correo electr\u00f3nico y la contrase\u00f1a que se elija. Estos datos ser\u00e1n tratados e incorporados a nuestros ficheros tal como se informa en nuestro apartado de protecci\u00f3n de datos de car\u00e1cter personal contenido en este Aviso Legal. La forma de pago es mediante tarjeta de cr\u00e9dito o d\u00e9bito. Se le solicitar\u00e1 el n\u00famero de su tarjeta y la fecha de caducidad. Se garantiza absoluta seguridad, los datos personales y la tarjeta viajan encriptados a Stripe, Inc. gracias al servidor seguro SSL. En ning\u00fan momento Sigtus.com recibe los datos de la tarjeta, s\u00f3lo la confirmaci\u00f3n del pago. Una vez realizado el pago, el cliente tendr\u00e1 acceso a los contenidos y servicios de Sigtus.com de manera inmediata.<\/p>\n\n\n\n<p>Cuarta: anulaci\u00f3n y devoluciones. El cliente de nuestra escuela online se compromete en todo momento a facilitar informaci\u00f3n veraz sobre los datos solicitados en los diferentes formularios de compra. Por el art\u00edculo 102 del Real Decreto Legislativo 1\/2007, de 16 de noviembre el derecho de desistimiento no ser\u00e1 aplicable a los contratos que se refieran a suministro de contenido digital (programas, aplicaciones, juegos, m\u00fasica, v\u00eddeos o textos inform\u00e1ticos, tanto por descarga o emisi\u00f3n en tiempo real), que no se preste en un soporte material cuando la ejecuci\u00f3n haya comenzado. Al ser productos y servicios digitales, no existen gastos materiales de devoluci\u00f3n del producto, porque se limita \u00fanicamente al acceso, por tanto, no habr\u00e1 reembolso de gastos.<\/p>\n\n\n\n<div style=\"height:50px\" aria-hidden=\"true\" class=\"wp-block-spacer\"><\/div>\n\n\n\n<h2 class=\"wp-block-heading has-text-align-center\">Pol\u00edtica de cookies<\/h2>\n\n\n\n<p>Definici\u00f3n y funci\u00f3n de las cookies: una cookie es un fichero que se descarga en su ordenador al acceder a determinadas p\u00e1ginas web. Las cookies permiten a una p\u00e1gina web, entre otras cosas, almacenar y recuperar informaci\u00f3n sobre los h\u00e1bitos de navegaci\u00f3n de un usuario o de su equipo y, dependiendo de la informaci\u00f3n que contengan y de la forma en que utilice su equipo, pueden utilizarse para reconocer al usuario.<\/p>\n\n\n\n<p><strong>Cookies que utiliza esta p\u00e1gina web<\/strong><\/p>\n\n\n\n<p>Cookies t\u00e9cnicas: permiten al usuario la navegaci\u00f3n a trav\u00e9s de una p\u00e1gina web, plataforma o aplicaci\u00f3n y la utilizaci\u00f3n de las diferentes opciones o servicios que en ella existan como, por ejemplo, controlar el tr\u00e1fico y la comunicaci\u00f3n de datos, identificar la sesi\u00f3n, acceder a partes de acceso restringido, realizar el proceso de compra de un pedido, utilizar elementos de seguridad durante la navegaci\u00f3n, almacenar contenidos para la difusi\u00f3n de videos o sonido o compartir contenidos a trav\u00e9s de redes sociales.<\/p>\n\n\n\n<p>Cookies de an\u00e1lisis: permiten cuantificar el n\u00famero de usuarios y as\u00ed realizar la medici\u00f3n y an\u00e1lisis estad\u00edstico de la utilizaci\u00f3n que hacen los usuarios del servicio. Para ello se analiza su navegaci\u00f3n en nuestra p\u00e1gina web con el fin de mejorar la oferta de productos o servicios que le ofrecemos. Se utilizan programas de anal\u00edtica web que recaban informaci\u00f3n referente al usuario de la web (IP), as\u00ed como la navegaci\u00f3n que \u00e9ste ha realizado (origen, visitas, tiempo en la p\u00e1gina).<\/p>\n\n\n\n<p>Cookies de personalizaci\u00f3n: permiten al usuario acceder al servicio con algunas caracter\u00edsticas de car\u00e1cter general predefinidas en funci\u00f3n de una serie de criterios en el terminal del usuario como por ejemplo serian el idioma, el tipo de navegador a trav\u00e9s del cual accede al servicio, la configuraci\u00f3n regional desde donde accede al servicio, etc.<\/p>\n\n\n\n<p>Cookies de terceros: esta web utiliza Google Analytics, un servicio prestado por Google, Inc., una compa\u00f1\u00eda de Delaware cuya oficina principal est\u00e1 en 1600 Amphitheatre Parkway, Mountain View (California), CA 94043, Estados Unidos (\u201cGoogle\u201d). Google Analytics utiliza \u201ccookies\u201d, que son archivos de texto ubicados en su ordenador, para ayudar al website a analizar el uso que hacen los usuarios del sitio web. La informaci\u00f3n que genera la cookie acerca de su uso del website (incluyendo su direcci\u00f3n IP) ser\u00e1 directamente transmitida y archivada por Google en los servidores de Estados Unidos. Google usar\u00e1 esta informaci\u00f3n por cuenta nuestra con el prop\u00f3sito de seguir la pista de su uso del website, recopilando informes de la actividad del website y prestando otros servicios relacionados con la actividad del website y el uso de Internet. Google podr\u00e1 transmitir dicha informaci\u00f3n a terceros cuando as\u00ed se lo requiera la legislaci\u00f3n, o cuando dichos terceros procesen la informaci\u00f3n por cuenta de Google. Al utilizar este website Usted consiente el tratamiento de informaci\u00f3n acerca de Usted por Google en la forma y para los fines arriba indicados. Y asimismo reconoce conocer la posibilidad de rechazar el tratamiento de tales datos o informaci\u00f3n rechazando el uso de Cookies mediante la selecci\u00f3n de la configuraci\u00f3n apropiada a tal fin en su navegador. Si bien esta opci\u00f3n de bloqueo de Cookies en su navegador puede no permitirle el uso pleno de todas las funcionalidades del Website.<\/p>\n\n\n\n<div style=\"height:50px\" aria-hidden=\"true\" class=\"wp-block-spacer\"><\/div>\n\n\n\n<h2 class=\"wp-block-heading has-text-align-center\">Responsabilidades<\/h2>\n\n\n\n<p>RENUNCIA A CUALQUIER RESPONSABILIDAD. Esta p\u00e1gina y sus componentes se ofrecen \u00fanicamente con fines informativos. Sigtus.com no se hace responsable de la exactitud, utilidad o disponibilidad de cualquier informaci\u00f3n que se transmita o ponga a disposici\u00f3n a trav\u00e9s de la misma; no ser\u00e1 responsable por cualquier error u omisi\u00f3n en dicha informaci\u00f3n. Los usuarios de esta p\u00e1gina que den sus datos personales, con la aceptaci\u00f3n del consentimiento informado, renuncian a cualquier indemnizaci\u00f3n que por el uso legal de esos datos les pudiera corresponder, no pudiendo ejercer ninguna reclamaci\u00f3n legal por ello. De querer ostentarla, no deben ceder sus datos en este sitio web.<\/p>\n\n\n\n<p>MENORES DE EDAD. Nuestros servicios y productos son para mayores de 18 a\u00f1os. Los menores de esta edad no est\u00e1n autorizados a utilizar nuestros servicios y no deber\u00e1n, por tanto, enviarnos sus datos personales.<\/p>\n\n\n\n<p>POL\u00cdTICA DE ENLACES DE NUESTRA WEB. El prestador se exime de cualquier tipo de responsabilidad derivada de la informaci\u00f3n publicada en su sitio web, siempre que esta informaci\u00f3n haya sido manipulada o introducida por un tercero ajeno al mismo. El servicio de acceso al Portal incluye enlaces o links que pueden conducir al usuario a otros sitios y p\u00e1ginas web gestionados por terceros, sobre las que Sigtus.com no ejerce ning\u00fan tipo de control. El prestador no se hace responsable de la informaci\u00f3n y contenidos almacenados, a t\u00edtulo enunciativo pero no limitativo, en foros, comentarios, redes sociales o cualquier otro medio que permita a terceros publicar contenidos de forma independiente en la p\u00e1gina web del prestador. Recomendamos a los usuarios que sean conscientes de que al utilizar uno de estos links est\u00e1n abandonando nuestra web y que lean las pol\u00edticas de privacidad de esas otras webs que recaben datos personales. La presente pol\u00edtica de privacidad s\u00f3lo se aplica a los datos personales recabados a trav\u00e9s de esta web.<\/p>\n\n\n\n<div style=\"height:50px\" aria-hidden=\"true\" class=\"wp-block-spacer\"><\/div>\n\n\n\n<h2 class=\"wp-block-heading has-text-align-center\">Propiedad intelectual<\/h2>\n\n\n\n<p>El Usuario reconoce y acepta que todos los derechos de propiedad industrial e intelectual sobre los contenidos y cualesquiera otros elementos insertados en el Sitio Web pertenecen a Sigtus.com. La totalidad del contenido del sitio web, incluyendo a t\u00edtulo enunciativo pero no limitativo su programaci\u00f3n, edici\u00f3n, compilaci\u00f3n y dem\u00e1s elementos necesarios para su funcionamiento, los dise\u00f1os, logotipos, texto y\/o gr\u00e1ficos, im\u00e1genes, material gr\u00e1fico o art\u00edstico presente en la web, son propiedad del prestador o en su caso dispone de licencia o autorizaci\u00f3n expresa por parte de los autores. Todos los contenidos que se muestran en esta web est\u00e1n sujetos y protegidos por los derechos de propiedad intelectual e industrial. No est\u00e1 permitido la alteraci\u00f3n, explotaci\u00f3n, reproducci\u00f3n, distribuci\u00f3n o comunicaci\u00f3n p\u00fablica y puesta a disposici\u00f3n sobre los contenidos del curso sin la previa autorizaci\u00f3n expresa del titular de la web.<\/p>\n\n\n\n<div style=\"height:53px\" aria-hidden=\"true\" class=\"wp-block-spacer\"><\/div>\n\n\n\n<h2 class=\"wp-block-heading has-text-align-center\">Normativa aplicable<\/h2>\n\n\n\n<p><strong>Protecci\u00f3n de datos<\/strong><\/p>\n\n\n\n<p>REGLAMENTO (UE) 2016\/679 DEL PARLAMENTO EUROPEO Y DEL CONSEJO de 27 de abril de 2016 relativo a la protecci\u00f3n de las personas f\u00edsicas en lo que respecta al tratamiento de datos personales y a la libre circulaci\u00f3n de estos datos y por el que se deroga la Directiva 95\/46\/CE (Reglamento General de Protecci\u00f3n de Datos).<\/p>\n\n\n\n<p>Correcci\u00f3n de errores del Reglamento (UE) 2016\/679 del Parlamento Europeo y del Consejo de 27 de abril de 2016, relativo a la protecci\u00f3n de las personas f\u00edsicas en lo que respecta al tratamiento de datos personales y a la libre circulaci\u00f3n de estos datos y por el que se deroga la Directiva 95\/46\/CE (Reglamento General de Protecci\u00f3n de Datos).<\/p>\n\n\n\n<p>Ley Org\u00e1nica 3\/2018 de 5 diciembre de Protecci\u00f3n de Datos Personales y garant\u00eda de los derechos digitales.<\/p>\n\n\n\n<p><strong>Sociedad de la informaci\u00f3n y telecomunicaciones<\/strong><\/p>\n\n\n\n<p>Ley 34\/2002 de 11 de julio, de servicios de la sociedad de la informaci\u00f3n y de comercio electr\u00f3nico. 2.- Ley 9\/2014 de 9 de mayo General de Telecomunicaciones.<\/p>\n\n\n\n<p><strong>Derecho de los consumidores<\/strong><\/p>\n\n\n\n<p>Real Decreto Legislativo 1\/2007 de 16 de noviembre por el que se aprueba el Texto Refundido de la Ley General para la Defensa de los Consumidores y Usuarios.<\/p>\n\n\n\n<div style=\"height:48px\" aria-hidden=\"true\" class=\"wp-block-spacer\"><\/div>\n\n\n\n<h2 class=\"wp-block-heading has-text-align-center\">Cambios y jurisdicci\u00f3n<\/h2>\n\n\n\n<p>CAMBIOS DE CONDICIONES. Sigtus.com se reserva el derecho de modificar estas condiciones cuando lo considere oportuno. Asimismo, el uso permanente de la p\u00e1gina significar\u00e1 su aceptaci\u00f3n de cualquier ajuste a tales t\u00e9rminos. Si hay alg\u00fan cambio en nuestra pol\u00edtica de privacidad, lo anunciaremos en nuestra p\u00e1gina principal y por correo electr\u00f3nico. Todo cambio en nuestra pol\u00edtica de privacidad se publicar\u00e1 con 30 d\u00edas de antelaci\u00f3n.<\/p>\n\n\n\n<p>SOMETIMIENTO A TRIBUNALES. El c\u00f3digo de conducta de artsmusica.net es el derivado de la correcta aplicaci\u00f3n de las leyes existentes, as\u00ed como de la aplicaci\u00f3n de las mismas desde el sentido com\u00fan. Con renuncia de sus propios fueros, las personas que contraten a trav\u00e9s de la web se someten expresamente a los Juzgados y Tribunales de Girona, Espa\u00f1a. El presente contrato se formaliza en lengua castellana.<\/p>\n","protected":false},"excerpt":{"rendered":"<p>Al acceder a esta p\u00e1gina web aceptas los t\u00e9rminos y disposiciones del presente acuerdo. Si no aceptas estas condiciones te pedimos que no utilices nuestros servicios. Pol\u00edtica de privacidad En Sigtus.com tratamos la informaci\u00f3n que nos proporcionan las personas interesadas para los siguientes prop\u00f3sitos: gestionar env\u00edo de informaci\u00f3n solicitada, ofrecer los productos y servicios que [&hellip;]<\/p>\n","protected":false},"author":1,"featured_media":0,"parent":0,"menu_order":0,"comment_status":"closed","ping_status":"closed","template":"","meta":{"_genesis_hide_title":false,"_genesis_hide_breadcrumbs":false,"_genesis_hide_singular_image":false,"_genesis_hide_footer_widgets":false,"_genesis_custom_body_class":"","_genesis_custom_post_class":"","_genesis_layout":"","footnotes":""},"class_list":{"0":"post-189","1":"page","2":"type-page","3":"status-publish","5":"entry"},"featured_image_urls_v2":{"full":"","thumbnail":"","medium":"","medium_large":"","large":"","course_archive_thumbnail":"","course_single_thumbnail":"","lesson_archive_thumbnail":"","lesson_single_thumbnail":"","1536x1536":"","2048x2048":"","sidebar-featured":"","genesis-singular-images":"","Grid":"","gb-block-post-grid-landscape":"","gb-block-post-grid-square":""},"post_excerpt_stackable_v2":"<p>Al acceder a esta p\u00e1gina web aceptas los t\u00e9rminos y disposiciones del presente acuerdo. Si no aceptas estas condiciones te pedimos que no utilices nuestros servicios. Pol\u00edtica de privacidad En Sigtus.com tratamos la informaci\u00f3n que nos proporcionan las personas interesadas para los siguientes prop\u00f3sitos: gestionar env\u00edo de informaci\u00f3n solicitada, ofrecer los productos y servicios que te resulten de inter\u00e9s, mejorar la experiencia de usuario. Se podr\u00edan enviar correos electr\u00f3nicos automatizados, programados por el titular de los datos o de sus proveedores de servicios, para enviar la informaci\u00f3n sobre novedades y productos de formaci\u00f3n que se ofrecer\u00e1n a trav\u00e9s de esta&hellip;<\/p>\n","category_list_v2":"","author_info_v2":{"name":"Administrador","url":"https:\/\/sigtus.com\/escola\/author\/leztisaicam\/"},"comments_num_v2":"0 comentarios","featured_image_src":null,"featured_image_src_square":null,"_links":{"self":[{"href":"https:\/\/sigtus.com\/escola\/wp-json\/wp\/v2\/pages\/189","targetHints":{"allow":["GET"]}}],"collection":[{"href":"https:\/\/sigtus.com\/escola\/wp-json\/wp\/v2\/pages"}],"about":[{"href":"https:\/\/sigtus.com\/escola\/wp-json\/wp\/v2\/types\/page"}],"author":[{"embeddable":true,"href":"https:\/\/sigtus.com\/escola\/wp-json\/wp\/v2\/users\/1"}],"replies":[{"embeddable":true,"href":"https:\/\/sigtus.com\/escola\/wp-json\/wp\/v2\/comments?post=189"}],"version-history":[{"count":8,"href":"https:\/\/sigtus.com\/escola\/wp-json\/wp\/v2\/pages\/189\/revisions"}],"predecessor-version":[{"id":2465,"href":"https:\/\/sigtus.com\/escola\/wp-json\/wp\/v2\/pages\/189\/revisions\/2465"}],"wp:attachment":[{"href":"https:\/\/sigtus.com\/escola\/wp-json\/wp\/v2\/media?parent=189"}],"curies":[{"name":"wp","href":"https:\/\/api.w.org\/{rel}","templated":true}]}}