{"id":699,"date":"2021-09-10T10:06:49","date_gmt":"2021-09-10T10:06:49","guid":{"rendered":"https:\/\/sigtus.com\/escola\/?page_id=699"},"modified":"2021-09-10T10:07:39","modified_gmt":"2021-09-10T10:07:39","slug":"excercici-classe-9","status":"publish","type":"page","link":"https:\/\/sigtus.com\/escola\/excercici-classe-9\/","title":{"rendered":"Excercici classe 9"},"content":{"rendered":"\n<div style=\"height:28px\" aria-hidden=\"true\" class=\"wp-block-spacer\"><\/div>\n\n\n\n<p>\u00c9s important relacionar el vocabulari de cada lli\u00e7\u00f3 amb els signes que ja coneixem, per aix\u00f2 us proposem fer uns exercicis pr\u00e0ctics. Aquesta activitat consisteix en gravar-te les frases que veur\u00e0s a continuaci\u00f3 i que inclouen vocabulari de colors. Abans de gravar-te pots mirar el v\u00eddeo adjunt del exercici en el que apareixen signes que et ser\u00e0n \u00fatils per a poder signar les frases. Som-hi.<\/p>\n\n\n<div class=\"rcp_restricted rcp_paid_only\"><p><!-- wp:paragraph {\"backgroundColor\":\"very-light-gray\"} --><\/p>\n<p class=\"has-background has-very-light-gray-background-color\"><i class=\"fas fa-lock\"> <\/i> El contingut \u00e9s \u00fanicament disponible per a subscriptors. Pots <a href=\"#login\"> identificar-te en aquest enlla\u00e7 <\/a> o <a href=\"https:\/\/sigtus.com\/escola\/subscripcio\/\"> subscriure't a l'escola<\/a>.<\/p>\n<p><!-- \/wp:paragraph --><\/p>\n<\/div>\n","protected":false},"excerpt":{"rendered":"<p>\u00c9s important relacionar el vocabulari de cada lli\u00e7\u00f3 amb els signes que ja coneixem, per aix\u00f2 us proposem fer uns exercicis pr\u00e0ctics. Aquesta activitat consisteix en gravar-te les frases que veur\u00e0s a continuaci\u00f3 i que inclouen vocabulari de colors. Abans de gravar-te pots mirar el v\u00eddeo adjunt del exercici en el que apareixen signes que [&hellip;]<\/p>\n","protected":false},"author":1,"featured_media":0,"parent":0,"menu_order":0,"comment_status":"closed","ping_status":"closed","template":"","meta":{"_genesis_hide_title":false,"_genesis_hide_breadcrumbs":false,"_genesis_hide_singular_image":false,"_genesis_hide_footer_widgets":false,"_genesis_custom_body_class":"","_genesis_custom_post_class":"","_genesis_layout":"","footnotes":""},"class_list":{"0":"post-699","1":"page","2":"type-page","3":"status-publish","5":"entry"},"featured_image_urls_v2":{"full":"","thumbnail":"","medium":"","medium_large":"","large":"","course_archive_thumbnail":"","course_single_thumbnail":"","lesson_archive_thumbnail":"","lesson_single_thumbnail":"","1536x1536":"","2048x2048":"","sidebar-featured":"","genesis-singular-images":"","Grid":"","gb-block-post-grid-landscape":"","gb-block-post-grid-square":""},"post_excerpt_stackable_v2":"<p>\u00c9s important relacionar el vocabulari de cada lli\u00e7\u00f3 amb els signes que ja coneixem, per aix\u00f2 us proposem fer uns exercicis pr\u00e0ctics. Aquesta activitat consisteix en gravar-te les frases que veur\u00e0s a continuaci\u00f3 i que inclouen vocabulari de colors. Abans de gravar-te pots mirar el v\u00eddeo adjunt del exercici en el que apareixen signes que et ser\u00e0n \u00fatils per a poder signar les frases. Som-hi. El contingut \u00e9s \u00fanicament disponible per a subscriptors. Pots identificar-te en aquest enlla\u00e7 o subscriure&#8217;t a l&#8217;escola.<\/p>\n","category_list_v2":"","author_info_v2":{"name":"Administrador","url":"https:\/\/sigtus.com\/escola\/author\/leztisaicam\/"},"comments_num_v2":"0 comentarios","featured_image_src":null,"featured_image_src_square":null,"_links":{"self":[{"href":"https:\/\/sigtus.com\/escola\/wp-json\/wp\/v2\/pages\/699","targetHints":{"allow":["GET"]}}],"collection":[{"href":"https:\/\/sigtus.com\/escola\/wp-json\/wp\/v2\/pages"}],"about":[{"href":"https:\/\/sigtus.com\/escola\/wp-json\/wp\/v2\/types\/page"}],"author":[{"embeddable":true,"href":"https:\/\/sigtus.com\/escola\/wp-json\/wp\/v2\/users\/1"}],"replies":[{"embeddable":true,"href":"https:\/\/sigtus.com\/escola\/wp-json\/wp\/v2\/comments?post=699"}],"version-history":[{"count":5,"href":"https:\/\/sigtus.com\/escola\/wp-json\/wp\/v2\/pages\/699\/revisions"}],"predecessor-version":[{"id":704,"href":"https:\/\/sigtus.com\/escola\/wp-json\/wp\/v2\/pages\/699\/revisions\/704"}],"wp:attachment":[{"href":"https:\/\/sigtus.com\/escola\/wp-json\/wp\/v2\/media?parent=699"}],"curies":[{"name":"wp","href":"https:\/\/api.w.org\/{rel}","templated":true}]}}

<div style="height:28px" aria-hidden="true" class="wp-block-spacer"></div>



<p>És important relacionar el vocabulari de cada lliçó amb els signes que ja coneixem, per això us proposem fer uns exercicis pràctics. Aquesta activitat consisteix en gravar-te les frases que veuràs a continuació i que inclouen vocabulari de colors. Abans de gravar-te pots mirar el vídeo adjunt del exercici en el que apareixen signes que et seràn útils per a poder signar les frases. Som-hi.</p>


<div class="rcp_restricted rcp_paid_only"><p><!-- wp:paragraph {"backgroundColor":"very-light-gray"} --></p>
<p class="has-background has-very-light-gray-background-color"><i class="fas fa-lock"> </i> El contingut és únicament disponible per a subscriptors. Pots <a href="#login"> identificar-te en aquest enllaç </a> o <a href="https://sigtus.com/escola/subscripcio/"> subscriure't a l'escola</a>.</p>
<p><!-- /wp:paragraph --></p>
</div>

<p>És important relacionar el vocabulari de cada lliçó amb els signes que ja coneixem, per això us proposem fer uns exercicis pràctics. Aquesta activitat consisteix en gravar-te les frases que veuràs a continuació i que inclouen vocabulari de colors. Abans de gravar-te pots mirar el vídeo adjunt del exercici en el que apareixen signes que [&hellip;]</p>

<p>És important relacionar el vocabulari de cada lliçó amb els signes que ja coneixem, per això us proposem fer uns exercicis pràctics. Aquesta activitat consisteix en gravar-te les frases que veuràs a continuació i que inclouen vocabulari de colors. Abans de gravar-te pots mirar el vídeo adjunt del exercici en el que apareixen signes que et seràn útils per a poder signar les frases. Som-hi. El contingut és únicament disponible per a subscriptors. Pots identificar-te en aquest enllaç o subscriure&#8217;t a l&#8217;escola.</p>
